 q**3 - 2*q**2 + 5*q + 5. Let j be f(8). What is the highest common factor of j and x?
39
Let y be ((-10768)/(-28))/1 + (-52)/91. Calculate the highest common divisor of y and 36.
12
Let w = 105 + -55. Let a = -22 + w. Let n = a + -18. Calculate the greatest common divisor of n and 50.
10
Let s = 30 + -16. Let z be (-38367)/1015*(-20)/12. Calculate the greatest common factor of z and s.
7
Let c(j) = -21*j**2 - 7*j - 3. Let t be c(-5). Let v be t/(-5) - (-38)/95. Calculate the highest common factor of 9 and v.
9
Suppose -124*i = 20*i - 2160. What is the highest common factor of 729 and i?
3
Suppose -u = -2, 65*w - 61*w - 2*u = 728. What is the highest common divisor of w and 793?
61
Let y(i) = 159*i - 3. Let x be y(2). Suppose -5*b + 180 = v, -44 = 3*b - 3*v - 134. Calculate the greatest common factor of x and b.
35
Let j = 13732 - 13728. Calculate the highest common divisor of j and 13484.
4
Suppose 2*p + 36 - 48 = 0. Suppose p*u - 2*u = -4. Let t(o) = -3*o**3 + 3*o + 2. Let z be t(u). What is the greatest common divisor of z and 18?
2
Let m = 7 - -20. Suppose 4*c - 28 = -4*l, -11*c = -6*c + 3*l - 33. What is the greatest common divisor of m and c?
3
Suppose -2690 = -3*b + 2*j, -b + 2*j - j = -895. Let x be -23 + b + (7 + -2 - 2). Calculate the highest common factor of 55 and x.
55
Suppose 4*y + 22 = 15*y. Suppose 0 = -y*h - 178 + 268. What is the greatest common divisor of 765 and h?
45
Let y = -6652 + 8664. Calculate the greatest common divisor of y and 8.
4
Suppose 4*q - 642 = h, 4*h = 5*q + 2*h - 804. Let u(n) = n**2 + 76*n + 613. Let b be u(-67). What is the greatest common factor of b and q?
10
Let p be 2*23*(-5 + 4). Let s = -44 - p. What is the highest common divisor of 46 and s?
2
Let c = -80 + 124. Suppose -c*l = -39*l - 360. Let a(n) = 5*n - 6. Let m be a(3). Calculate the highest common factor of l and m.
9
Suppose 260 = -4*b - b. Let m = b - -55. Suppose -46 - 38 = -m*i. Calculate the greatest common factor of i and 42.
14
Suppose 4*g - 208 = -2*z - z, 0 = z - g - 81. Let m = 225 + -227. Let o be 0*m/2 + 190. What is the highest common divisor of o and z?
38
Suppose -2884 + 3700 = 16*r. What is the highest common factor of 136 and r?
17
Suppose 40*m = -556 + 1036. What is the highest common divisor of 464 and m?
4
Suppose 0 = -11*j - 935 - 1133. Let q = -160 - j. Suppose 51 = 3*h + 9. What is the highest common factor of q and h?
14
Let g be (38144/36)/4 + (-6480)/(-5832). Suppose 3*l - 190 - 95 = 0. What is the greatest common factor of g and l?
19
Suppose 0 = -z - 2*z + 99. Let k be 5*(-1 - (-18)/15). Let g be 765/36 + -6*k/(-8). What is the greatest common factor of g and z?
11
Suppose 5*m - h - 2243 = 0, -4*m + h = -0*h - 1795. Calculate the highest common factor of m and 168.
56
Let l = 2621 - 2602. Calculate the greatest common factor of 4541 and l.
19
Suppose 22*r + 77*r - 7920 = 0. What is the highest common factor of 160 and r?
80
Let j be (-327552)/(-216) - 4/9. What is the greatest common divisor of j and 4?
4
Suppose 40318 - 7892 = 5*r - 3*g, -3*r + 5*g + 19446 = 0. What is the highest common factor of r and 52?
13
Let w(u) = -u + 9. Let b be w(4). Suppose 33*j - 13*j = 47*j - 1485. What is the greatest common divisor of b and j?
5
Let u be 17 - 9/(-3)*1. Suppose -t - u = -11*t. Suppose t*v + 5 - 75 = 0. What is the greatest common divisor of v and 35?
35
Suppose -295 + 5608 + 2971 = 109*q. Calculate the greatest common divisor of q and 1330.
38
Let b = 169 + -172. Let k be -6 + (-1)/(b/54). Let p(j) = -j**2 - 11*j - 12. Let t be p(-6). What is the highest common divisor of k and t?
6
Let o = -8443 + 8491. What is the highest common divisor of 4248 and o?
24
Let r = 95 - 112. Let n(o) = o**2 + 19*o + 38. Let g be n(r). Suppose -5*m + 189 = -3*x, 2*m = -x + 65 + g. Calculate the greatest common divisor of 9 and m.
9
Let j = -12544 + 14840. Calculate the highest common factor of 56 and j.
56
Suppose -2 = 2*p + 2*o - 26, -4*p = -5*o + 6. What is the greatest common divisor of 184 and p?
2
Let u(h) = 37*h + 2. Let p be u(5). Suppose -17*c = 7*c + 6336. Let x = c - -281. Calculate the highest common divisor of p and x.
17
Suppose c - i = 239, -5 + 1 = i. Suppose 305 = 9*h - c. What is the greatest common factor of h and 40?
20
Let k be 8 + 1/(-3) + 11/(-3). Suppose -2*n - k*p - 31 + 41 = 0, 3*n - 5*p = 15. Suppose q = 4*q - 75. What is the highest common factor of n and q?
5
Let z(d) = d. Let g(k) = -20*k + 55. Let j(r) = -g(r) - 5*z(r). Let f be j(9). Calculate the highest common divisor of 720 and f.
80
Let o = 13840 + -13817. What is the greatest common divisor of 8648 and o?
23
Let o(m) = -m**3 + 3 - 11*m**2 - 5 + 25*m - 5. Let t be o(-13). Let k be 1 + 3 + 35 - -3. Calculate the highest common divisor of t and k.
6
Let k be (-1)/(-3) - 2205/(-27). Let u = 150 - 109. What is the greatest common divisor of k and u?
41
Let c be (3/(-2))/(51/6698). Let h = c + 207. What is the greatest common factor of h and 14?
2
Let p(h) = -40*h + 9. Let z(y) = -y + 1. Let f(j) = -p(j) + 3*z(j). Let g be f(2). Suppose 7*d - 264 + g = 0. Calculate the highest common factor of 14 and d.
14
Let y(i) = -4*i**3 + 35*i**2 + 202*i - 24. Let d be y(-8). Calculate the greatest common divisor of d and 24.
8
Let c be 1 + (-6 - (-48)/6). Suppose -2*d + c*r = -55, -2*r + 1 = -9. What is the highest common divisor of 10 and d?
5
Let v(r) = 6*r + 10. Let i = 24 - 19. Let f be v(i). Let s be ((-12)/(-15))/(-2) + (-8010)/(-25). Calculate the greatest common divisor of f and s.
40
Suppose -33*o - 85 = -3*p - 32*o, 136 = 5*p + 4*o. What is the highest common factor of 31276 and p?
28
Let c = 8785 + -8308. What is the highest common divisor of c and 6042?
159
Let t be 24789 - (2 + 0)*(-63)/42. Calculate the highest common divisor of 8 and t.
8
Let k(a) = 29*a - 41. Let w = -122 + 126. Let v be k(w). Calculate the highest common factor of 15 and v.
15
Suppose 0 = -6*l + 2*l - 36. Let v(n) = -3 - 11 - 1 - 2*n - 5*n. Let y be v(l). Calculate the greatest common factor of 72 and y.
24
Let q = -2562 - -2595. What is the highest common divisor of 3201 and q?
33
Let u = 3529 + 4276. Suppose -665 = 5*b - u. Calculate the highest common factor of b and 51.
51
Let t = -69 + 75. Suppose -n + t*n - 260 = 0. Suppose 0 = b + n - 91. Calculate the highest common divisor of 13 and b.
13
Let l = 51 + -57. Let q be -1*(-3)/l + 124/8. Suppose 0 = 3*h - q, 0 = 3*g + 3*h + 16 - 73. What is the greatest common factor of g and 98?
14
Let g(r) = -26 - 14 - 25*r - 10. Let a be g(-6). Calculate the greatest common factor of a and 25.
25
Let n(i) = -64*i + 56. Let u be n(2). Let h be u/14*((-1120)/12)/4. Calculate the greatest common factor of h and 36.
12
Let w be (-2)/(-2)*88 + 3. Suppose 26*o = 11005 + 435. Let v = 447 - o. What is the greatest common divisor of v and w?
7
Let k = -2098 + 2221. Calculate the greatest common divisor of k and 2501.
41
Suppose 262 = 4*p - 170. Let q = 46 - p. Let g = 92 + q. What is the highest common factor of g and 120?
30
Let z = -209 + 244. Suppose 29*m - z*m + 756 = 0. What is the greatest common divisor of 28 and m?
14
Suppose 4*p = r + 11, 339*p = 336*p + 3*r + 15. What is the highest common divisor of 257 and p?
1
Suppose -5*z + 5 = 0, -86 - 84 = -4*c - 2*z. Let w be -38*73/(-6) - (-7)/(-21). What is the greatest common factor of c and w?
42
Let a be (0 - 2)*17/51 - 29172/(-18). Calculate the highest common divisor of a and 1140.
60
Suppose -5*t + 33 = -2. Let p be -3*4/12 + t. Let g be p/(-12) - 62/(-4). Calculate the greatest common divisor of 75 and g.
15
Let r be 30*((-1901)/(-30) + 36/270). What is the greatest common factor of 15 and r?
15
Let k = 524 - -3779. Calculate the greatest common factor of k and 65.
13
Let l(r) = -7*r - 95. Let z(s) = 7*s + 94. Let a(p) = -6*l(p) - 5*z(p). Let b be a(-8). What is the highest common factor of 55 and b?
11
Let a = -207 - -307. Suppose 192 + a = 4*g. Calculate the greatest common factor of 1 and g.
1
Let g(i) = -8*i - 16. Let b be g(-2). Suppose b = -5*l + 140 + 935. What is the greatest common factor of 86 and l?
43
Let s = 7716 + -6843. What is the greatest common factor of 90 and s?
9
Suppose 93*s - 97*s + 7 = y, -y + 4*s = -15. Calculate the greatest common factor of y and 7711.
11
Let i